{"id":35142,"date":"2023-11-29T00:15:46","date_gmt":"2023-11-29T04:45:46","guid":{"rendered":"https:\/\/elmundodelosnegocios.com.do\/v1\/?page_id=35142"},"modified":"2026-02-10T13:33:30","modified_gmt":"2026-02-10T18:03:30","slug":"revista-el-mundo-de-los-negocios","status":"publish","type":"page","link":"https:\/\/elmundodelosnegocios.com.do\/v1\/revista-el-mundo-de-los-negocios\/","title":{"rendered":"Revistas EL MUNDO DE LOS NEGOCIOS"},"content":{"rendered":"\n<div style=\"height:100px\" aria-hidden=\"true\" class=\"wp-block-spacer\"><\/div>\n\n\n\n<h2 class=\"wp-block-heading has-text-align-center\">Edici\u00f3n Especial: El Mundo de los Negocios \u00abDominicana Exterior\u00bb<\/h2>\n\n\n<div class=\"_df_book df-lite\" id=\"df_76010\"  _slug=\"el-mundo-de-los-negocios-dominicana-exterior\" data-title=\"el-mundo-de-los-negocios-dominicana-exterior\" wpoptions=\"true\" thumbtype=\"\" ><\/div><script class=\"df-shortcode-script\" nowprocket type=\"application\/javascript\">window.option_df_76010 = {\"outline\":[],\"autoEnableOutline\":\"false\",\"autoEnableThumbnail\":\"false\",\"overwritePDFOutline\":\"false\",\"direction\":\"1\",\"pageSize\":\"0\",\"source\":\"https:\\\/\\\/elmundodelosnegocios.com.do\\\/v1\\\/wp-content\\\/uploads\\\/2026\\\/02\\\/EMN_ED_06-2.pdf\",\"wpOptions\":\"true\"}; if(window.DFLIP && window.DFLIP.parseBooks){window.DFLIP.parseBooks();}<\/script>\n\n\n\n<div style=\"height:20px\" aria-hidden=\"true\" class=\"wp-block-spacer\"><\/div>\n\n\n\n<p class=\"has-text-align-center\">\u00a1Disfruta en grande de \u00abDOMINICANA EXTERIOR\u00bb, y favor forward a tus contactos!<\/p>\n\n\n\n<div style=\"height:20px\" aria-hidden=\"true\" class=\"wp-block-spacer\"><\/div>\n\n\n\n<div class=\"wp-block-buttons is-content-justification-center is-layout-flex wp-container-core-buttons-is-layout-16018d1d wp-block-buttons-is-layout-flex\">\n<div class=\"wp-block-button\"><a class=\"wp-block-button__link wp-element-button\" href=\"https:\/\/elmundodelosnegocios.com.do\/v1\/wp-content\/uploads\/2026\/02\/EMN_ED_06-2.pdf\">Descargar<\/a><\/div>\n<\/div>\n\n\n\n<div style=\"height:100px\" aria-hidden=\"true\" class=\"wp-block-spacer\"><\/div>\n\n\n\n<h2 class=\"wp-block-heading has-text-align-center\">Edici\u00f3n Especial: El Mundo de los Negocios \u00abMiner\u00eda\u00bb<\/h2>\n\n\n<div class=\"_df_book df-lite\" id=\"df_76006\"  _slug=\"revista-el-mundo-de-los-negocios-edicion-mineria\" data-title=\"revista-el-mundo-de-los-negocios-edicion-mineria\" wpoptions=\"true\" thumbtype=\"\" ><\/div><script class=\"df-shortcode-script\" nowprocket type=\"application\/javascript\">window.option_df_76006 = {\"outline\":[],\"autoEnableOutline\":\"false\",\"autoEnableThumbnail\":\"false\",\"overwritePDFOutline\":\"false\",\"direction\":\"1\",\"pageSize\":\"0\",\"source\":\"https:\\\/\\\/elmundodelosnegocios.com.do\\\/v1\\\/wp-content\\\/uploads\\\/2026\\\/02\\\/EMN_ED_MINERIA.pdf\",\"wpOptions\":\"true\"}; if(window.DFLIP && window.DFLIP.parseBooks){window.DFLIP.parseBooks();}<\/script>\n\n\n\n<div style=\"height:20px\" aria-hidden=\"true\" class=\"wp-block-spacer\"><\/div>\n\n\n\n<div class=\"wp-block-buttons is-content-justification-center is-layout-flex wp-container-core-buttons-is-layout-16018d1d wp-block-buttons-is-layout-flex\">\n<div class=\"wp-block-button\"><a class=\"wp-block-button__link wp-element-button\" href=\"https:\/\/elmundodelosnegocios.com.do\/v1\/wp-content\/uploads\/2026\/02\/EMN_ED_MINERIA.pdf\">Descargar<\/a><\/div>\n<\/div>\n\n\n\n<div style=\"height:100px\" aria-hidden=\"true\" class=\"wp-block-spacer\"><\/div>\n\n\n\n<h2 class=\"wp-block-heading has-text-align-center\">Edici\u00f3n Especial: 40 A\u00f1os de El Mundo de los Negocios<\/h2>\n\n\n<div class=\"_df_book df-lite\" id=\"df_71678\"  _slug=\"edicion-especial-40-anos-de-el-mundo-de-los-negocios\" data-title=\"edicion-especial-40-anos-de-el-mundo-de-los-negocios\" wpoptions=\"true\" thumbtype=\"\" ><\/div><script class=\"df-shortcode-script\" nowprocket type=\"application\/javascript\">window.option_df_71678 = {\"outline\":[],\"autoEnableOutline\":\"false\",\"autoEnableThumbnail\":\"false\",\"overwritePDFOutline\":\"false\",\"direction\":\"1\",\"pageSize\":\"0\",\"source\":\"http:\\\/\\\/elmundodelosnegocios.com.do\\\/v1\\\/wp-content\\\/uploads\\\/2025\\\/06\\\/EMN_ED_04.pdf\",\"wpOptions\":\"true\"}; if(window.DFLIP && window.DFLIP.parseBooks){window.DFLIP.parseBooks();}<\/script>\n\n\n\n<div style=\"height:20px\" aria-hidden=\"true\" class=\"wp-block-spacer\"><\/div>\n\n\n\n<p class=\"has-text-align-center\">\u00a1Celebramos cuatro d\u00e9cadas de excelencia empresarial! La revista <strong>El Mundo de los Negocios<\/strong> se enorgullece en presentar su edici\u00f3n especial conmemorativa del 40 aniversario, una publicaci\u00f3n que encapsula la rica historia y la evoluci\u00f3n del panorama empresarial en la Rep\u00fablica Dominicana.<\/p>\n\n\n\n<p class=\"has-text-align-center\">La edici\u00f3n especial de El Mundo de los Negocios: 40 A\u00f1os no es solo una revista, es un testamento al poder de la visi\u00f3n, el trabajo arduo y la capacidad de adaptaci\u00f3n de nuestra comunidad empresarial. Adquiera su ejemplar y sea parte de esta hist\u00f3rica celebraci\u00f3n.<\/p>\n\n\n\n<div style=\"height:20px\" aria-hidden=\"true\" class=\"wp-block-spacer\"><\/div>\n\n\n\n<div class=\"wp-block-buttons is-content-justification-center is-layout-flex wp-container-core-buttons-is-layout-16018d1d wp-block-buttons-is-layout-flex\">\n<div class=\"wp-block-button\"><a class=\"wp-block-button__link wp-element-button\">Descargar<\/a><\/div>\n<\/div>\n\n\n\n<h2 class=\"wp-block-heading has-text-align-center\"><strong>\u00a1Descubre la nueva edici\u00f3n de \u00abEl Mundo de los Negocios\u00bb!<\/strong><\/h2>\n\n\n\n<h4 class=\"wp-block-heading has-text-align-center\">Lea y descargue su ejemplar digital ahora mismo y celebra con nosotros cuatro d\u00e9cadas de inspiraci\u00f3n, aprendizaje y crecimiento.<\/h4>\n\n\n<div class=\"_df_book df-lite\" id=\"df_52373\"  _slug=\"revista-el-mundo-de-los-negocios-ano-40-2024\" data-title=\"revista-el-mundo-de-los-negocios-ano-40-2024\" wpoptions=\"true\" thumb=\"http:\/\/elmundodelosnegocios.com.do\/v1\/wp-content\/uploads\/2024\/05\/page_1-scaled.jpg\" thumbtype=\"\" ><\/div><script class=\"df-shortcode-script\" nowprocket type=\"application\/javascript\">window.option_df_52373 = {\"outline\":[],\"autoEnableOutline\":\"false\",\"autoEnableThumbnail\":\"false\",\"overwritePDFOutline\":\"false\",\"direction\":\"1\",\"pageSize\":\"0\",\"source\":\"http:\\\/\\\/elmundodelosnegocios.com.do\\\/v1\\\/wp-content\\\/uploads\\\/2024\\\/05\\\/Revista-EMN-40.pdf\",\"wpOptions\":\"true\"}; if(window.DFLIP && window.DFLIP.parseBooks){window.DFLIP.parseBooks();}<\/script>\n\n\n\n<div style=\"height:50px\" aria-hidden=\"true\" class=\"wp-block-spacer\"><\/div>\n\n\n\n<h5 class=\"wp-block-heading has-text-align-center\">Disponible para descargar en PDF.<\/h5>\n\n\n\n<div class=\"wp-block-buttons is-content-justification-center is-layout-flex wp-container-core-buttons-is-layout-16018d1d wp-block-buttons-is-layout-flex\">\n<div class=\"wp-block-button\"><a class=\"wp-block-button__link wp-element-button\" href=\"http:\/\/elmundodelosnegocios.com.do\/v1\/wp-content\/uploads\/2024\/05\/Revista-EMN-40.pdf\">Descargar<\/a><\/div>\n<\/div>\n\n\n\n<div class=\"wp-block-spacer\" style=\"height: 50px;\" aria-hidden=\"true\">\u00a0<\/div>\n\n\n\n<hr class=\"wp-block-separator has-alpha-channel-opacity\"\/>\n\n\n\n<div style=\"height:50px\" aria-hidden=\"true\" class=\"wp-block-spacer\"><\/div>\n\n\n\n<h2 class=\"wp-block-heading has-text-align-center\">Revista EL MUNDO DE LOS NEGOCIOS (Nov-Dic. 2023)<\/h2>\n\n\n\n<h4 class=\"wp-block-heading has-text-align-center\">\u00a1Lea ahora&#8230; La PRIMERA y M\u00c1S COMPLETA REVISTA Empresarial y Ejecutiva, en nuestra edici\u00f3n digital..!<\/h4>\n\n\n\n<h5 class=\"wp-block-heading has-text-align-center\">La PRIMERA y M\u00c1S COMPLETA publicaci\u00f3n especializada, trae en esta edici\u00f3n exclusivos actualizados art\u00edculos, noticias e informaciones diversas, los Reconocidos por Trayectoria Empresarial, con portada dedicada principalmente al 100vo Aniversario de la AMCHAMDR, y\u2026 mucho, mucho M\u00c1S!<\/h5>\n\n\n\n<div style=\"height:25px\" aria-hidden=\"true\" class=\"wp-block-spacer\"><\/div>\n\n\n<div class=\"_df_book df-lite\" id=\"df_35133\"  _slug=\"revista-el-mundo-de-los-negocios\" data-title=\"revista-el-mundo-de-los-negocios\" wpoptions=\"true\" thumb=\"http:\/\/elmundodelosnegocios.com.do\/v1\/wp-content\/uploads\/2023\/11\/PORTADA-REVISTA_EMN1.jpg\" thumbtype=\"\" ><\/div><script class=\"df-shortcode-script\" nowprocket type=\"application\/javascript\">window.option_df_35133 = {\"outline\":[],\"autoEnableOutline\":\"false\",\"autoEnableThumbnail\":\"false\",\"overwritePDFOutline\":\"false\",\"enableDownload\":\"true\",\"direction\":\"1\",\"pageSize\":\"0\",\"source\":\"http:\\\/\\\/elmundodelosnegocios.com.do\\\/v1\\\/wp-content\\\/uploads\\\/2023\\\/11\\\/EMN_ED_01-issuu_compressed.pdf\",\"wpOptions\":\"true\"}; if(window.DFLIP && window.DFLIP.parseBooks){window.DFLIP.parseBooks();}<\/script>\n\n\n\n<div style=\"height:50px\" aria-hidden=\"true\" class=\"wp-block-spacer\"><\/div>\n\n\n\n<h5 class=\"wp-block-heading has-text-align-center\">Disponible para descargar en PDF.<\/h5>\n\n\n\n<div class=\"wp-block-buttons is-content-justification-center is-layout-flex wp-container-core-buttons-is-layout-16018d1d wp-block-buttons-is-layout-flex\">\n<div class=\"wp-block-button\"><a class=\"wp-block-button__link wp-element-button\" href=\"http:\/\/elmundodelosnegocios.com.do\/v1\/wp-content\/uploads\/2023\/11\/EMN_ED_01-issuu_compressed.pdf\" target=\"_blank\" rel=\"noreferrer noopener\">Descargar<\/a><\/div>\n<\/div>\n\n\n\n<div style=\"height:50px\" aria-hidden=\"true\" class=\"wp-block-spacer\"><\/div>\n","protected":false},"excerpt":{"rendered":"<p>Edici\u00f3n Especial: El Mundo de los Negocios \u00abDominicana Exterior\u00bb \u00a1Disfruta en grande de \u00abDOMINICANA EXTERIOR\u00bb, y favor forward a tus contactos! Edici\u00f3n Especial: El Mundo de los Negocios \u00abMiner\u00eda\u00bb Edici\u00f3n&hellip; <\/p>\n","protected":false},"author":2,"featured_media":0,"parent":0,"menu_order":0,"comment_status":"closed","ping_status":"closed","template":"templates\/full-width-template.php","meta":{"footnotes":""},"class_list":["post-35142","page","type-page","status-publish","hentry"],"_links":{"self":[{"href":"https:\/\/elmundodelosnegocios.com.do\/v1\/wp-json\/wp\/v2\/pages\/35142","targetHints":{"allow":["GET"]}}],"collection":[{"href":"https:\/\/elmundodelosnegocios.com.do\/v1\/wp-json\/wp\/v2\/pages"}],"about":[{"href":"https:\/\/elmundodelosnegocios.com.do\/v1\/wp-json\/wp\/v2\/types\/page"}],"author":[{"embeddable":true,"href":"https:\/\/elmundodelosnegocios.com.do\/v1\/wp-json\/wp\/v2\/users\/2"}],"replies":[{"embeddable":true,"href":"https:\/\/elmundodelosnegocios.com.do\/v1\/wp-json\/wp\/v2\/comments?post=35142"}],"version-history":[{"count":20,"href":"https:\/\/elmundodelosnegocios.com.do\/v1\/wp-json\/wp\/v2\/pages\/35142\/revisions"}],"predecessor-version":[{"id":76021,"href":"https:\/\/elmundodelosnegocios.com.do\/v1\/wp-json\/wp\/v2\/pages\/35142\/revisions\/76021"}],"wp:attachment":[{"href":"https:\/\/elmundodelosnegocios.com.do\/v1\/wp-json\/wp\/v2\/media?parent=35142"}],"curies":[{"name":"wp","href":"https:\/\/api.w.org\/{rel}","templated":true}]}}